 hundred thousands digit of 1203608?
2
What is the hundred thousands digit of 814600?
8
What is the thousands digit of 125217?
5
What is the thousands digit of 12138768?
8
What is the units digit of 660033?
3
What is the tens digit of 307212?
1
What is the ten thousands digit of 518902?
1
What is the units digit of 440485?
5
What is the millions digit of 11289339?
1
What is the thousands digit of 311801?
1
What is the ten thousands digit of 13189116?
8
What is the hundreds digit of 1068204?
2
What is the tens digit of 884385?
8
What is the units digit of 787628?
8
What is the hundred thousands digit of 432114?
4
What is the ten thousands digit of 461829?
6
What is the thousands digit of 1670410?
0
What is the thousands digit of 65883?
5
What is the thousands digit of 12527969?
7
What is the thousands digit of 111357?
1
What is the ten millions digit of 29877516?
2
What is the hundred thousands digit of 1742877?
7
What is the units digit of 400716?
6
What is the hundred thousands digit of 220806?
2
What is the millions digit of 1338426?
1
What is the ten thousands digit of 279258?
7
What is the hundreds digit of 172598?
5
What is the units digit of 5498091?
1
What is the hundred thousands digit of 1020520?
0
What is the thousands digit of 671382?
1
What is the ten thousands digit of 306162?
0
What is the tens digit of 2019651?
5
What is the units digit of 211844?
4
What is the ten thousands digit of 3173459?
7
What is the ten thousands digit of 6149555?
4
What is the tens digit of 17633468?
6
What is the thousands digit of 8322207?
2
What is the hundred thousands digit of 378467?
3
What is the ten millions digit of 12685592?
1
What is the hundreds digit of 7880889?
8
What is the ten thousands digit of 451267?
5
What is the ten thousands digit of 3884506?
8
What is the tens digit of 1033904?
0
What is the hundreds digit of 6652252?
2
What is the ten thousands digit of 357612?
5
What is the hundreds digit of 1949810?
8
What is the millions digit of 6608455?
6
What is the thousands digit of 36870427?
0
What is the hundreds digit of 1378130?
1
What is the hundred thousands digit of 8183814?
1
What is the hundred thousands digit of 438553?
4
What is the hundreds digit of 1065540?
5
What is the thousands digit of 4576012?
6
What is the millions digit of 2639390?
2
What is the hundred thousands digit of 1377044?
3
What is the hundreds digit of 29774693?
6
What is the units digit of 555137?
7
What is the thousands digit of 33692?
3
What is the units digit of 25069560?
0
What is the ten thousands digit of 457202?
5
What is the hundreds digit of 4687492?
4
What is the units digit of 1099234?
4
What is the hundred thousands digit of 740942?
7
What is the tens digit of 1117696?
9
What is the thousands digit of 889789?
9
What is the thousands digit of 356846?
6
What is the thousands digit of 4261802?
1
What is the units digit of 13726552?
2
What is the units digit of 348241?
1
What is the millions digit of 2779129?
2
What is the hundreds digit of 665361?
3
What is the ten thousands digit of 2669800?
6
What is the tens digit of 1332742?
4
What is the units digit of 328782?
2
What is the hundred thousands digit of 979085?
9
What is the ten thousands digit of 5066505?
6
What is the units digit of 387126?
6
What is the tens digit of 12785115?
1
What is the tens digit of 1119390?
9
What is the tens digit of 133429?
2
What is the tens digit of 6322940?
4
What is the thousands digit of 7145?
7
What is the thousands digit of 979433?
9
What is the thousands digit of 597116?
7
What is the hundred thousands digit of 113288?
1
What is the tens digit of 2822592?
9
What is the hundreds digit of 1372384?
3
What is the tens digit of 1832798?
9
What is the thousands digit of 2045136?
5
What is the units digit of 6560694?
4
What is the ten thousands digit of 791989?
9
What is the units digit of 1820458?
8
What is the units digit of 214968?
8
What is the hundreds digit of 534832?
8
What is the millions digit of 2620768?
2
What is the tens digit of 7083450?
5
What is the hundreds digit of 57796?
7
What is the ten thousands digit of 278361?
7
What is the hundreds digit of 608469?
4
What is the hundreds digit of 8293758?
7
What is the thousands digit of 20579590?
9
What is the hundreds digit of 115498?
4
What is the units digit of 284550?
0
What is the units digit of 405984?
4
What is the tens digit of 1094711?
1
What is the ten thousands digit of 23836471?
3
What is the thousands digit of 550068?
0
What is the units digit of 22716243?
3
What is the millions digit of 16762081?
6
What is the ten thousands digit of 8976865?
7
What is the tens digit of 275589?
8
What is the hundreds digit of 1403309?
3
What is the units digit of 7379813?
3
What is the hundred thousands digit of 488307?
4
What is the tens digit of 28493224?
2
What is the tens digit of 1201018?
1
What is the units digit of 336280?
0
What is the hundred thousands digit of 2484052?
4
What is the hundreds digit of 586126?
1
What is the ten thousands digit of 654284?
5
What is the hundred thousands digit of 263225?
2
What is the hundred thousands digit of 461758?
4
What is the millions digit of 2230577?
2
What is the thousands digit of 2174868?
4
What is the hundreds digit of 10635397?
3
What is the tens digit of 569139?
3
What is the tens digit of 3855141?
4
What is the units digit of 354048?
8
What is the tens digit of 857749?
4
What is the hundreds digit of 877132?
1
What is the units digit of 76105?
5
What is the units digit of 368869?
9
What is the hundred thousands digit of 16306125?
3
What is the units digit of 17285578?
8
What is the units digit of 4581451?
1
What is the ten thousands digit of 5642295?
4
What is the hundreds digit of 171386?
3
What is the ten thousands digit of 185725?
8
What is the units digit of 788680?
0
What is the units digit of 700432?
2
What is the millions digit of 1520616?
1
What is the tens digit of 189705?
0
What is the tens digit of 430570?
7
What is the thousands digit of 927220?
7
What is the hundreds digit of 2101525?
5
What is the thousands digit of 20182001?
2
What is the hundreds digit of 2184941?
9
What is the millions digit of 1822248?
1
What is the units digit of 565093?
3
What is the thousands digit of 692335?
2
What is the tens digit of 3341002?
0
What is the tens digit of 1864351?
5
What is the units digit of 39299736?
6
What is the thousands digit of 5454226?
4
What is the hundred thousands digit of 6984344?
9
What is the hundreds digit of 4157996?
9
What is the hundred thousands digit of 7682458?
6
What is the hundreds digit of 7223999?
9
What is the hundreds digit of 981279?
2
What is the units digit of 161655?
5
What is the tens digit of 5879?
7
What is the tens digit of 743088?
8
What is the thousands digit of 2872706?
2
What is the hundred thousands digit of 18763709?
7
What is the ten thousands digit of 477355?
7
What is the thousands digit of 195886?
5
What is the thousands digit of 1991023?
1
What is the hundred thousands digit of 197625?
1
What is the units digit of 13082249?
9
What is the ten thousands digit of 3436186?
3
What is the thousands digit of 494194?
4
What is the hundreds digit of 430239?
2
What is the units digit of 475014?
4
What is the ten thousands digit of 2560994?
6
What is the hundred thousands digit of 1464156?
4
What is the units digit of 3109078?
8
What is the millions digit of 14023689?
4
What is the units digit of 1038778?
8
What is the units digit of 200304?
4
What is the hundreds digit of 200569?
5
What is the ten thousands digit of 13035777?
3
What is the tens digit of 3044960?
6
What is the hundreds digit of 516548?
5
What is the millions digit of 1479959?
1
What is the hundreds digit of 128191?
1
What is the ten thousands digit of 11676433?
7
What is the units digit of 1182703?
3
What is the units digit of 105534?
4
What is the ten thousands digit of 519593?
1
What is the thousands digit of 15424050?
4
What is the ten thousands digit of 20481024?
8
What is the ten thousands digit of 9824657?
2
What is the units digit of 15787728?
8
What is the hundreds digit of 502746?
7
What is the thousands digit of 6825990?
5
What is the hundred thousands digit of 833157?
8
What is the hundred thousands digit of 244801?
2
What is the millions 